 -1*3*(-1 - t).
7
What is the remainder when (-152)/(-7) - 6/(-21) is divided by 12?
10
Let v(z) = z**3 + 10*z**2 + 16*z + 12. Calculate the remainder when v(-7) is divided by 25.
22
Let l(v) = -31*v. Suppose -c - 18 = -53. Suppose 3*j = -2*a + 19 + c, 4*j + 3*a = 73. What is the remainder when l(-1) is divided by j?
15
Let m(z) = z**3 + z**2 + z + 7. What is the remainder when ((-189)/(-28))/(2/8) is divided by m(0)?
6
Let g(h) = 85*h - 4. What is the remainder when g(1) is divided by 14?
11
Let y = -47 - -25. Let t = y + 43. What is the remainder when t is divided by 8?
5
Let b be 1/(3/6 - 0). Suppose -b = 4*j - 2*g, -j + 0 = g + 2. What is the remainder when 62 + ((-2)/j - 3) is divided by 16?
13
Let q(y) = y**3 + 4*y**2 - 2*y - 1. Let c(u) = 1. Let m(i) = 4*c(i) + q(i). What is the remainder when 21/(-12)*-3*4 is divided by m(-4)?
10
Let f(j) = j**3 + 5*j**2 - 4*j - 3. Let x be f(-5). Let h = x + -8. Let k(y) = y**2 - 10. Calculate the remainder when k(h) is divided by 24.
23
Suppose -11 = -u + 11. Let p = 8 - -26. Let i = p - u. Calculate the remainder when i is divided by 7.
5
Let z(a) = 2*a**2 + 3*a - 1. Let k be z(-3). Suppose 2*v = k, -3*v + 17 = f - 7. Let b = f + -4. Calculate the remainder when 14 is divided by b.
6
Suppose 63 - 224 = -7*r. Calculate the remainder when 68 is divided by r.
22
Suppose -x - 58 - 18 = 0. Let g = 195 + x. Calculate the remainder when g is divided by 30.
29
Let k be 26/10 + 10/25. Suppose 0*f = -k*f + 54. Let m = 26 - f. What is the remainder when m is divided by 5?
3
Let k = 16 - 6. Suppose 0 = -q + 12 + 17. What is the remainder when q is divided by k?
9
Let l = -121 + 151. Calculate the remainder when 178 is divided by l.
28
Suppose 3*j - 13 = 5*f, 0 = 2*j + 2*f + f - 15. Let k(n) = -n**3 + 21*n**2 + 2. Calculate the remainder when j is divided by k(21).
0
Suppose 5*j = 3*n - 26, n - 6*n - 2*j + 2 = 0. Let b(g) be the first derivative of 3*g**2/2 - g + 2. What is the remainder when b(2) is divided by n?
1
Let h = -16 - -46. Suppose -2*b = -5*b + 24. Calculate the remainder when h is divided by b.
6
Suppose 4*n + 17 = -3*a + 59, -3*n = -a - 38. What is the remainder when 35 is divided by n?
11
Let j = 6 + -7. Let n(q) = 17*q**2 - 2*q - 1. Let t be n(j). Let h = t - 6. Calculate the remainder when h is divided by 7.
5
Let b(h) = h + 8. Let t be b(-5). Suppose 28 - 113 = -t*v + 2*u, -100 = -4*v - 4*u. What is the remainder when v is divided by 15?
12
Let c = 10 - -17. Let q = -11 + 16. What is the remainder when c/(-6)*2*-1 is divided by q?
4
Let g(a) = -a**2 + 5*a + 4. Let b be g(6). Calculate the remainder when (1/b)/(1/(-22)) is divided by 6.
5
Let k be 2*3*1/(-2). Let d = 5 + k. Suppose d*r = -5*l + 105, -2*r = -2*l + r + 61. What is the remainder when l is divided by 8?
7
What is the remainder when 11 is divided by (27/(-4))/(-9)*8?
5
Suppose 2*n - 4*q - 73 = -3*n, -42 = -3*n + 3*q. Calculate the remainder when n is divided by 7.
3
Let v(l) = 7*l - 8. Let x be v(-7). Let s = x + 110. Calculate the remainder when s is divided by 14.
11
Let p = -27 - -57. What is the remainder when p is divided by 16?
14
Let u = 13 - 4. Let y be 2/((-6)/u) + 2. Calculate the remainder when 21 is divided by y + 2 + (-20)/(-2).
10
Suppose 2 = 2*j, 3*o - 2*j = -3*j - 23. Let h(b) = b**2 + 7*b + 4. What is the remainder when 22 is divided by h(o)?
10
Suppose 14 = 4*b + 2. Let k be (2 - (-2 + 6)) + b. Let s = k - -10. What is the remainder when 31 is divided by s?
9
Suppose 0 = -8*t + 3*t + 5. Suppose -12 = -g - t. What is the remainder when g is divided by (2 - -1 - -5)/2?
3
Let t = 3 - 0. Suppose -2*m + 0*m + 2*h = -8, -t*m + 12 = 4*h. Calculate the remainder when m is divided by 2.
0
Let d = 172 - 154. Let z(f) = -f**2 - 6*f + 2. What is the remainder when d is divided by z(-5)?
4
Let m be 2/(-6) + (-10)/(-3). Suppose -m*n + 66 = u, -2*n + 4*u - 22 = -3*n. Calculate the remainder when 42 is divided by n.
20
Suppose x + 370 = 3*k, 0 = -0*k - 2*k - 2*x + 260. Calculate the remainder when k is divided by 42.
41
Let o(a) = -8*a + 1. Let f be o(8). Let x = f + 89. What is the remainder when x is divided by 14?
12
What is the remainder when 105 is divided by (-3*1/4)/(6/(-216))?
24
Suppose 5*y - 14 = -2*t + t, -14 = y - 4*t. Suppose -3 = -y*j + 1. What is the remainder when j - (2 + 0) - -25 is divided by 13?
12
Suppose j = -2 + 4. Suppose j*s = 3*v + 33, s - 17 = -v + 3*v. Let a = 90 - 63. Calculate the remainder when a is divided by s.
12
Let y = 8 - 5. Let l(c) = -c**3 - 3*c**2 - 2*c - 3. Let z be l(-2). What is the remainder when y is divided by ((-4)/z)/((-2)/(-3))?
1
Suppose -4*t + 5*m + 49 = 0, 2*t = -4*m + 3 + 15. What is the remainder when 21 is divided by t?
10
Suppose -12 = 4*w, -2*h + h + 5*w = -17. What is the remainder when 5 is divided by h?
1
Suppose 62*r - 60 = 50*r. What is the remainder when 13 is divided by r?
3
Let d = -73 + 83. What is the remainder when d is divided by (6 - 3)*(-1)/(-1)?
1
Suppose 0 = 4*x - 12, -2*x + 10 = -3*q - q. Let z(s) = 19*s**2 + 1. What is the remainder when 302/8 + 1/4 is divided by z(q)?
18
Let w = 12 + -4. Suppose -4*j = 5*x - 10, -3*x + w*x + 30 = 4*j. Suppose -d - 3*d + 56 = 0. What is the remainder when d is divided by j?
4
Suppose 0 = 4*r + 4*p - 53 - 11, 0 = -4*r - 2*p + 68. What is the remainder when 70 is divided by r?
16
Let j be 0 + -15*(-15)/9. Let a = j - 3. What is the remainder when 42 is divided by a?
20
Let k = -14 + 7. Let o = k - -48. What is the remainder when o is divided by 14?
13
Suppose 0 = -h - 3*i + 258, -953 - 39 = -4*h - 4*i. Suppose h = 5*g - 122. Calculate the remainder when g is divided by 19.
16
Let x(q) = -q**3 + 7*q**2 - 4*q - 3. What is the remainder when x(5) is divided by (-765)/(-54) - (-1)/(-6)?
13
Let y = 131 - 119. Suppose -3*m - 80 = -2*o, 0 = 4*o + 3*m - m - 128. Calculate the remainder when o is divided by y.
10
Let x be (12/(-10))/(4/(-20)). Let g be x/(-21) - 37/(-7). Suppose 51 = 3*u - g*n, u = n + 3*n + 24. What is the remainder when 47 is divided by u?
11
Suppose 0 = -0*x - 4*x + 20. Suppose -6*m + 15 = -3. Calculate the remainder when x is divided by m.
2
Let t = -28 - -44. Calculate the remainder when t is divided by 10.
6
Suppose -5*q + 10 = -40. What is the remainder when 28 is divided by q?
8
Let k = 29 + -40. What is the remainder when 75 is divided by 2*(k/(-2) + 0)?
9
Let x(c) = c**2 + 4*c + 2. What is the remainder when 12 is divided by x(-5)?
5
Suppose 5*p - 69 = 11. Suppose 4*k + 3*f = -60, 21 = -k + 2*f + 6. What is the remainder when 3/k + 151/5 is divided by p?
14
Let a(u) = -u**3 - u**2 - u - 2. What is the remainder when a(-2) is divided by 12/24 + (-10)/(-4)?
1
Let h(d) = 6*d**2 - 2. Let i(g) = 5*g**2 - 4 - 7*g**2 + g**2 + 8*g. What is the remainder when h(2) is divided by i(4)?
10
Let g = 109 + -71. Calculate the remainder when g is divided by 20 + (0 - 0/2).
18
Let s be (0/(-5))/(2 + -1). Suppose -5*f - 1 + 11 = s. What is the remainder when 6 is divided by f?
0
Suppose 0*v - v = -2. Calculate the remainder when 53 is divided by 553/49 - v/7.
9
Let m = 5 - -79. Let d be (-2)/6 + m/9. Let b = -4 + d. What is the remainder when 8 is divided by b?
3
Suppose 5*n = 5*a - 80, 4*n = -3*a - n + 88. Calculate the remainder when 62 is divided by a.
20
Let o = 7 - 2. Let i(u) = -u**3 + 5*u**2 - u + 3. Let r be i(o). What is the remainder when 39 is divided by r/5*(-26 + 1)?
9
Calculate the remainder when (-4 - -2) + (132 - 0) is divided by 33.
31
Let z(g) = 10*g**2 - 2*g - 16. Calculate the remainder when z(-3) is divided by 28.
24
Let i(v) = v - 4. What is the remainder when i(9) is divided by 4?
1
Suppose -5*x + 4*r + 131 = 0, -2*r = 2*x - 0*r - 56. Calculate the remainder when x is divided by 7.
6
Suppose -4*g - 9 = -33. Calculate the remainder when g is divided by 3.
0
Let q(r) = 2*r**2 - r + 21. Calculate the remainder when q(-7) is divided by 32.
30
What is the remainder when (11 - 15)/(2*(-2)/74) is divided by 11?
8
What is the remainder when 12/(-15) - 209/(-5) is divided by (6/(-12))/(1/(-44))?
19
What is the remainder when (-3 - -5 - -3) + 2 is divided by 4?
3
Let x(b) = b**3 + 6*b**2 - b + 3. Suppose -2*n = -2*a + 42, 3*a + 4*n - 9 - 75 = 0. Calculate the remainder when a is divided by x(-6).
6
Let q = 14 